et f = a - -119. Suppose d = -2*d + f. What is the greatest common factor of 162 and d?
18
Let v(r) = 2*r - 1. Let o be v(15). Suppose -o*n = -22*n. Suppose n*z + 4*z - 5*b - 80 = 0, 100 = 5*z - 4*b. Calculate the greatest common factor of z and 20.
20
Let x = 4471 - 734. Calculate the highest common factor of 37 and x.
37
Suppose 75 = -3*p - 12*p. Let m be (p + 93)/(-4) + 2. Let f = -15 - m. Calculate the greatest common divisor of f and 1.
1
Let q(t) = t**3 - 9*t**2 + 15*t - 5. Let k be 105/14*8/18*3. Suppose -k*v + 106 = 36. Let d be q(v). Calculate the highest common factor of 20 and d.
2
Let k(q) = 3*q**3 + 52*q**2 - 200*q - 8. Let m be k(4). What is the greatest common factor of m and 26?
2
Let q(s) = -5*s - 2. Let i be q(-1). Let u be 44*5*i/60. Let g = -1 + u. Calculate the highest common divisor of g and 2.
2
Let z be (331 - 1)/((-110)/(-44)). What is the greatest common factor of 231 and z?
33
Let d be (338/(-1521))/(1/9) - -19577. What is the greatest common factor of d and 75?
75
Suppose -142*u = -30*u - 3584. Suppose 4*a - 1148 = 2*r, -412 + 116 = -a - 4*r. Calculate the greatest common divisor of u and a.
32
Let v(z) = -z**3 + z - 5*z**2 - z + 46 - 41. Let n be v(-5). Let p be 8 + (3 + -2 - n). What is the highest common factor of 6 and p?
2
Let d = -527 - -1262. Let s = d - 671. Calculate the greatest common factor of 4 and s.
4
Let c(x) = 317*x - 2154. Let u be c(7). What is the highest common factor of 715 and u?
65
Let j = 29471 - 273. What is the greatest common divisor of 13 and j?
13
Let y be (180 - -26) + 5/((-15)/6). Let f = 230 - y. Calculate the highest common factor of 2 and f.
2
Let w(i) = -2*i - 5. Let r be w(-4). Let n(x) = -6*x + 1 + 10 - 13 + 12*x + 6*x. Let k be n(r). Calculate the greatest common factor of 306 and k.
34
Let i = 195 + -164. Suppose 34*b - i*b - 924 = 0. What is the greatest common divisor of b and 22?
22
Suppose -2 = v - 27. Suppose -135 = -5*i + v. Let m(x) = x**3 - 7*x**2 - 31*x + 12. Let k be m(10). Calculate the greatest common divisor of i and k.
2
Let l(r) = 4*r + 5. Let b be l(0). Suppose -b*t = -11*t + 3300. Calculate the highest common factor of 25 and t.
25
Suppose -m - 5*h - 100 + 443 = 0, 4*m - 2*h = 1526. What is the highest common divisor of 462 and m?
42
Let f(c) = -17*c**2 + 4*c - 1. Let t be f(1). Let k be (-24 + -3 + 1)/(4/t). What is the greatest common divisor of k and 78?
13
Let a be (17*(-12)/15)/(-5 + 1615/325). Calculate the highest common factor of 1638 and a.
26
Let u = -22836 + 22867. Let y be (-62)/(-1)*7/2. What is the greatest common divisor of y and u?
31
Let u(j) = 16*j**2 + 19*j - 1. Let d be u(-4). Let v = -152 + d. What is the highest common factor of 432 and v?
27
Let m be (2*16/(-12))/(72/(-1836)). Suppose 0*z - 2*z + 50 = 3*d, 4*d = 4*z + 60. Calculate the highest common factor of d and m.
4
Let g = -9740 - -9814. Let b(s) = s**3 - 9*s**2 - 11*s + 12. Let v be b(10). What is the greatest common divisor of g and v?
2
Let c be 2738/222 - 1/3. Calculate the highest common factor of c and 56.
4
Let f(b) = 11*b**2 - 3*b + 2. Let d be f(1). Let i = 4190 - 3780. Calculate the greatest common factor of d and i.
10
Let l = 187 + -104. Let c = l + -48. Suppose -2*t = 2*q - 20, 3*q - 5 = 3*t - t. What is the greatest common divisor of q and c?
5
Suppose 7*w + 2928 = -5*w. Let o = -242 - w. Let j(p) = 26*p**3. Let n be j(1). What is the greatest common divisor of o and n?
2
Let r be (-171)/(-6) - (69/(-230) + (-6)/5). Calculate the greatest common divisor of r and 13310.
10
Suppose -11*b = -3*b - 201 - 47. Let r(d) = -67*d + 38. Let u be r(-11). Calculate the greatest common factor of u and b.
31
Suppose -18*z - 102 = -24*z. Let r be (1 + (-2918)/(-6))/((-4)/(-6)). What is the highest common divisor of z and r?
17
Let f = -18524 - -18569. Suppose 0 = -2*v + 40 - 10. Calculate the greatest common divisor of v and f.
15
Let f be (-2 - -1062)/((-3)/5 - -1). What is the greatest common factor of f and 50?
50
Let c be 4 + -2 - (0 - -2). Suppose h - o - 14 = -2*h, 4*h - 5*o - 4 = c. Let x be (-1524)/(-42) - h/21. Calculate the highest common factor of 4 and x.
4
Suppose 809*g + 97773 - 126459 = 170328. Let q(x) = x**3 - 2*x**2 + 4*x - 2. Let t be q(2). Calculate the highest common factor of g and t.
6
Suppose 0 = 3*g + 4*k - 53, g + 4*k - 7 + 0 = 0. What is the greatest common factor of g and 253?
23
Suppose 33*u = 43*u - 40. Suppose -5*d + 0*t + 4*t = -1010, -u*d + 767 = 5*t. What is the greatest common divisor of 297 and d?
99
Suppose -3*c - 2348 + 19374 = 193. What is the highest common factor of c and 62?
31
Let p(u) = -2*u**2 + 258*u + 72. Let s be p(112). Calculate the highest common divisor of s and 120.
40
Let m = 15054 + -6496. What is the highest common factor of 22 and m?
22
Suppose 0 = 36*z - 31*z - 2*l - 523, l = -5*z + 526. Suppose 5*k - 103 - 212 = 0. What is the highest common divisor of k and z?
21
Suppose 3*g - 4*g - 323 = -2*g. What is the highest common factor of g and 1139?
17
Suppose -3*k = -3*y + 1860, -y = 2*y - 4*k - 1859. Let w(b) = 25*b**3 - 152*b**2 + 17*b - 7. Let v be w(6). What is the greatest common factor of v and y?
23
Suppose -166*o = -56*o - 10450. What is the greatest common divisor of 361 and o?
19
Suppose q + 8 = p + 3, -2*q + 2 = 2*p. Suppose -6*v - 65 = -t - p*v, -v = 5. Suppose t = 2*n + 14. What is the greatest common factor of n and 72?
18
Let p = 148 + -136. Let m be 6/p + ((-21)/(-6) - -1). Calculate the highest common factor of m and 145.
5
Let f(u) be the first derivative of 63*u**2/2 - 279*u + 300. Let c be f(6). Calculate the highest common factor of c and 27.
9
Let s be 6*(5/30 - 0). Let l = -12 + 14. Suppose -7 = l*i - 21. Calculate the highest common divisor of i and s.
1
Suppose 2*v - 51 = 9*r - 6*r, -2*r = -3*v + 94. Calculate the highest common divisor of v and 516.
12
Let l be 15/(-13) - -3*6/117. Let j be 24/20 + l/5. Let b(f) = 10*f + 1. Let d be b(1). What is the highest common divisor of j and d?
1
Let g = -4962 - -8202. Calculate the highest common factor of g and 40.
40
Let y(s) = s**2 - 8*s + 7. Let w be y(7). Suppose -4*g + g + 39 = w. Let u be (-2)/(-2) + (g - 8). Calculate the highest common divisor of 6 and u.
6
Suppose 0 = -35*h + 33*h + 10. Suppose y + 30 = -h*v + 90, -y = 4*v - 47. What is the highest common factor of v and 104?
13
Let k = -48 - -50. Suppose -p - 4 = 0, k + 4 = -5*b - 4*p. Let s be 1*(10 - -4) + b. Calculate the highest common divisor of s and 112.
16
Let s(m) = m - 8. Let d be s(12). Let h = 100 - 28. Let b = h + -71. Calculate the greatest common factor of b and d.
1
Suppose 30*h = 1463 + 667. Calculate the greatest common divisor of 3053 and h.
71
Let c be 2 + (32/(-20))/(4/(-90)). Let m = c + -33. Let v be (148 - (10 - m)) + -2. What is the highest common divisor of 47 and v?
47
Let x be 4/(1 + (-40)/44). Suppose -n - 2*n - 21 = -t, 5*t = -3*n + 105. Let z(p) = p - 17. Let h be z(t). What is the greatest common factor of x and h?
4
Suppose a + 834 = -42. Let v = -811 - a. What is the greatest common factor of v and 10?
5
Let u(o) = 14*o**2 - 16*o + 10. Let l be u(-6). Suppose 0 = -4*g - 5*x + l, -2*g + 756 = 3*g + 3*x. What is the greatest common factor of 75 and g?
75
Suppose 2*d - 6*a = -3*a + 9436, -5*a + 4705 = d. Calculate the highest common divisor of 1435 and d.
205
Suppose 2*u + 11 = 55. Let x(j) = -j**2 - 53*j + 510. Let w be x(8). Calculate the highest common divisor of w and u.
22
Let c = 8023 - 7951. What is the highest common factor of c and 3096?
72
Suppose -107 = 19*o - 22*o - 5*n, 2*o + 4*n - 68 = 0. What is the greatest common divisor of o and 10967?
11
Let i be (-87)/(-58)*(-2)/15*-20. What is the greatest common divisor of i and 41?
1
Let q = -3 - 43. Let f = 2369 - 2385. Let r = f - q. What is the highest common factor of 120 and r?
30
Let q(p) = -14*p**3 - 14*p**2 + 76*p + 605. Let n be q(-7). Calculate the highest common divisor of n and 236.
59
Suppose -16*d + 20*d = 40. Suppose 0 = 5*p - 3*m - 19, -d*p + 6*p - 5*m = -30. What is the greatest common divisor of 80 and p?
5
Let x(t) = t**3 - 10*t**2 - 38*t - 8. Let m be x(13). Suppose -8 = -3*s - 2*y, 1 = s - y - m. What is the greatest common factor of 3 and s?
1
Suppose 5*k + 4*q - 134 - 112 = 0, 0 = 4*q + 2